. Let z be g(-7). Is z/6 + 97188/9 prime?
True
Let a = 53 + -50. Let n be 0 + 6/a - -44. Is n*(2/(-1) - -3) prime?
False
Suppose 4951 = -11*m - 64657. Let i = m - -23985. Is i a prime number?
True
Let v(n) = -13*n**2 + 4*n - 1. Let l(d) = -12*d**2 + 5*d - 1. Suppose 56 = -3*r - 5*r. Let t(w) = r*l(w) + 6*v(w). Is t(-8) composite?
True
Suppose 4191 = 5*l - 29264. Let j = l + -4729. Suppose 5*v - j = 1633. Is v a composite number?
False
Suppose -62*y + 61*y + 40 = 0. Let c = y + -38. Suppose c*d - 8024 = -6*d. Is d composite?
True
Suppose 3*f = -476 + 2183. Suppose h + q - f = 0, 2*h + 180 - 1312 = -5*q. Is h a composite number?
False
Let b(u) be the first derivative of -393*u**2 + 17*u + 28. Is b(-6) a prime number?
True
Let j(d) = -702*d**3 - d - 2. Let n be (-2)/(-11) + (-252)/(-66). Suppose 2*u = -4*i - 2*u + 16, -4*i + n*u = 24. Is j(i) prime?
True
Let f(a) be the third derivative of -a**4/24 + 955*a**3/3 - 17*a**2. Let l be f(0). Suppose 3*d = -0*v + 2*v + 1433, 3*v = 4*d - l. Is d a composite number?
False
Suppose 0 = 46*w - 48*w + 31802. Is w a composite number?
False
Suppose z = 5*i + 5*z - 244, 5*i = 2*z + 268. Let b = 92 - i. Is ((-58)/(-4))/(4/b) a composite number?
True
Suppose -16 - 64 = -10*w. Suppose -w*f - 3437 = -f. Let g = 1540 + f. Is g a composite number?
False
Let r(o) = 19*o**2 - 24*o + 2. Let z = 68 - 77. Is r(z) a prime number?
False
Let d be 2 - (2/6)/(7/42). Suppose 2*l + 4869 + 9101 = d. Is 4/(-5)*l/22 composite?
True
Suppose 5*x - x = 160. Let y = x - 30. Suppose -15*g = -y*g - 4865. Is g prime?
False
Is (-69104)/(-4) - 3/(6 + (5 - 10)) prime?
False
Let w be (2 - -25)*42/(-2). Let n = 318 + w. Let q = n - -440. Is q prime?
True
Let i(a) = 38861*a - 12534. Is i(27) composite?
True
Suppose -12*k = -0*k + 55452. Let a = k - -7312. Suppose 5*d = a - 446. Is d a prime number?
True
Is (1354/(-4))/(67/(-134)) a composite number?
False
Let m(o) = 3*o - 42. Let a be m(-20). Let k = 2632 - a. Is k prime?
False
Is 108069/2 - (5 - 0)/(-80 - -78) composite?
False
Let u(x) = -x**2 - 26*x - 135. Let m be u(-18). Suppose -m*j + 2783 = -9808. Is j a composite number?
False
Let l(p) = -p**3 - 50*p**2 + 23*p + 137. Is l(-54) a prime number?
True
Let l(z) = 5706*z**2 - 71*z - 443. Is l(-6) a prime number?
True
Let r(i) be the first derivative of 17*i**3 + 5*i**2/2 - 15*i + 20. Let k be r(3). Suppose 0 = 3*g - k - 174. Is g a prime number?
True
Let d(g) = g + 331. Let f(i) = i + 9. Let v be f(-2). Suppose -v*h = -9*h. Is d(h) composite?
False
Let p = 834732 + -460725. Is p a prime number?
False
Suppose -20*i + 73 = -207. Suppose 4*h + 158930 = i*h. Is h prime?
False
Let v be (6 + -11)/((-25)/10). Is 666/(-12)*-78 - v a prime number?
True
Let j be 342/(-7)*(-3)/(-6)*-14. Suppose w = 2, w = -x + 6*w - j. Let o = x - -1033. Is o a prime number?
True
Suppose -3*b + 7*b = -4*q - 476, -131 = q + 5*b. Let r = q + 50. Is -4*3/r - (-13914)/66 prime?
True
Suppose 3*m - 15 + 4 = 2*y, 0 = -4*m - y + 22. Suppose 2*l + 2*l = -m*v + 45771, 2*v - l - 18298 = 0. Is v a composite number?
False
Suppose -5*s + 4*k + 32 = 9, 0 = -4*s - k + 10. Suppose -3 = -n, 2*n + 917 = -s*m - 817. Is (5/2)/((-10)/m) a composite number?
True
Let n(r) = -22*r**2 - 11 - 5*r + 22*r**2 + 12*r**2. Is n(-20) composite?
False
Let p(s) = 149*s**3 - 74*s**2 + 401*s - 7. Is p(6) a prime number?
False
Let a(d) be the first derivative of 7*d**4/4 - 5*d**3 + 5*d**2 + 31*d + 148. Is a(15) a composite number?
False
Let g = -8592 + 18459. Let v = 27888 + -18039. Suppose -j = -5*j + 5*o + g, o - v = -4*j. Is j a composite number?
True
Let k(i) = 773*i**2 + 8*i + 4. Is k(-5) a composite number?
False
Let y(o) = -o + 9. Let l be (4 + -2 - -12)*(-5)/(-10). Let a be y(l). Suppose a = -2*t + 384. Is t composite?
False
Let w(d) = 79*d**2 - 14*d - 43. Is w(40) composite?
True
Let s(d) = -7*d + 64*d**2 - 21*d**2 + 7*d**3 - 21*d**2 - 19*d**2 - 10. Is s(5) composite?
True
Let a = -4597 + 14450. Is a composite?
True
Let a = 5246 - 3679. Suppose -3*o - 6 = 0, 2*f - a = -4*o + 1691. Is f a prime number?
False
Let m(d) = 139*d**2 + 201*d + 545. Is m(-63) composite?
False
Let u(s) = -s**2 + 7*s - 14. Let m(h) = h**2 - 8*h + 13. Let z(x) = 4*m(x) + 3*u(x). Let l be z(10). Suppose v - 5*v + 1964 = l. Is v composite?
False
Let u(r) be the first derivative of r**3/3 + 4*r**2 + 14*r + 13. Let i be u(-6). Suppose 3*l - 255 = -i*f, 0 = 3*f - 0*l - 2*l - 389. Is f a composite number?
True
Suppose 0 = -3*c - 4*y + 20, -4*y = -10*c + 5*c + 44. Let r(a) = 30*a**2 + 33*a - 25. Is r(c) composite?
True
Suppose -9*y = 5*y - 313656. Let n = y + -15467. Is n prime?
False
Let a(b) = -8*b**3 - 6*b**2 + 25*b - 19. Suppose -4*i - 28 = 2*d, -4 = i - 1. Is a(d) a composite number?
True
Suppose -r + 117829 = -305*d + 304*d, -235640 = -2*r + 5*d. Is r a composite number?
True
Let p(w) = 356*w**3 + 9*w**2 + 73*w + 23. Is p(11) a prime number?
True
Let o(h) = h**3 - 5*h**2 + 3*h + 1. Let k be o(4). Let g(u) = -53*u - 53. Is g(k) a composite number?
True
Let i(w) = -w**3 + 3*w**2 + 35*w + 18. Let c be i(14). Let u = c - -4446. Is u a prime number?
False
Let l(g) = -2722*g**3 - 5*g**2 - 6*g - 1. Suppose -75*z + 20*z = 55. Is l(z) a prime number?
False
Let i = -1519 - -6209. Suppose -9*o + i = -2*o. Suppose 4*h + 5*v - 4*v - 1350 = 0, -2*v - o = -2*h. Is h a composite number?
False
Let r(b) = -398*b**3 - b - 2. Let o be ((-26)/4)/((-5)/10). Let w = o - 14. Is r(w) composite?
False
Let n(p) = 3497*p**2 + p - 27. Is n(-4) a composite number?
False
Let c = 195630 - 89689. Is c composite?
True
Is 14 + (43360 - -7 - 8) a prime number?
False
Is 238959/(-14)*-54 - (2 + 0) a prime number?
False
Let u = -12 + 16. Suppose -x + u*x + 4*m + 5532 = 0, -4*m = -3*x - 5532. Let r = 3739 + x. Is r a prime number?
False
Suppose -t = -5*p - 464475, -t + 65871 = 3*p - 398588. Is t composite?
True
Let s be -18 + 24 - 5432/(-2). Let t = -1163 + s. Is t a composite number?
False
Let v = 1359 + 233. Let a = 3263 - v. Is (4/(-6))/((-2)/a) composite?
False
Suppose -3*d = i - 9080, -2*i = -3*d - 6865 - 11268. Is i a composite number?
True
Suppose 11*j + 1465841 = 16*j + 287446. Is j a prime number?
True
Suppose 0 = 3*i - a - 682, -i + 2*i + 3*a = 234. Suppose 3*v + v - i = 0. Is v + 0 + (-3 - -5) composite?
False
Let d(y) = 200*y - 2. Let w be d(7). Suppose 0 = -2*n + 5*q + 2722, n + 2*q + 37 = w. Is n a composite number?
False
Suppose 0 = -5*j + 4*j + 4. Suppose -t - v + 2592 = 0, -2601 = -4*t + 3*t - j*v. Is t a composite number?
True
Suppose -15*w + 13878516 = 837801. Is w prime?
True
Suppose 2*c + 80 - 90 = 0. Let d(k) = 0*k**2 - 509*k - k**2 + 508*k + 3*k**3 + c. Is d(4) composite?
True
Let n = -14568 + 157435. Is n prime?
True
Suppose -4*p + 5*d = -121, 0 = -2*p + 3*d - d + 62. Suppose -3*z - 2003 = p. Is (z/7)/((-1)/7) a prime number?
False
Let x(i) = -55*i + 10. Let t be x(-7). Let u be 22/6 - 2/(-6). Suppose 3*v + t = u*v. Is v prime?
False
Suppose 0 = -15*f + 14*f - 1, 5*k + 4*f - 166881 = 0. Is k a prime number?
True
Let h(x) = -40*x + 30*x + 0 + 29*x**2 + 8 + 11. Is h(4) composite?
False
Let i be (7/(-3))/(3/18). Is 7133/i*2/(-3)*57 a composite number?
True
Suppose -51 = -4*m - 99. Suppose -4*t + 0*t + 5*i - 14 = 0, 9 = -3*t + 3*i. Is (m/9 - t)*-555 prime?
False
Is 9/(-5) - 10446590/(-175) a composite number?
False
Let o(m) = -297*m**3 - 12*m**2 - 56*m - 51. Is o(-8) a prime number?
True
Is (-481836621)/(-3619) + (-2)/(-11) a composite number?
True
Let b(t) = 2*t - 39. Let x be b(22). Suppose 0 = x*u + 4 - 14. Suppose 3*z - 1677 = 2*j, -u*z - 4*j = -7*z + 2797. Is z prime?
True
Let r(t) = -2*t**3 + t**2 - 2*t + 606. Is r(-31) composite?
False
Suppose 3 = -2*m - 3*w, 6*w - 7 = 3*m + 11*w. Suppose -10228 + 3368 = 4*p + 5*f, 3*f + 6868 = -4*p. Is p/(-12) - 2/m prime?
False
Let p = -8850 + 8847. Let b = 1 + -3. Is (2 + p)/(b/1486) + -4 prime?
True
Let o(z) = z**2 - 1. Let c be o(-2). Let b(f) = 71*f**2 - 3*f + 1. Is b(c) prime?
True
Let t = 624189 + 202694. Is t a prime number?
True
Suppose 0*q + 5*q + 4*s - 19749 = 0, q = -4*s + 3953. Is q a composite number?
True
Let v = -9742 - -2797. Let l = -3512 - v. Is l a composite number?
False
Let x(b) = b**2 + 8*b - 5. Suppose -14*d - 28 = -7*d. Let k be x(d). Is (-4)/28 - 66426/k composite?
False
Let b